 List the prime factors of m(p).
2, 3, 13
Suppose 135003 = 3*x + 2*a, -3*a - 115771 - 19202 = -3*x. What are the prime factors of x?
3, 53, 283
Let s = -5274 - -9104. List the prime factors of s.
2, 5, 383
Let w = -2403 + 7638. What are the prime factors of w?
3, 5, 349
Let f = 41892 - 14663. What are the prime factors of f?
73, 373
Suppose o + 3*o = 16. Suppose 4*b = -0*z + z, -o*z = -5*b - 11. Suppose -z*n + 86 = g, 4*n = -4*g + 5*g - 78. What are the prime factors of g?
2, 41
Suppose 0 = 11*y - 1608 - 119. Suppose 0 = -2*q + 2*s + 7 + 87, 5*s - y = -3*q. What are the prime factors of q?
7
Let i(h) = 2300*h + 28. Let p be i(3). Suppose 16*k = 8*k + p. What are the prime factors of k?
2, 433
Suppose -6*c - 560 = -22*c. Let z = 195 - c. List the prime factors of z.
2, 5
Let x = 117 - 113. Suppose -5*z = -t + 135, -x*z = -3*t - 3*z + 475. Let h = -50 + t. What are the prime factors of h?
2, 5, 11
Let o(u) = 2033*u - 9. Let w be o(1). Suppose b + 4*k = 354 + 173, 4*b = 5*k + w. What are the prime factors of b?
7, 73
Let f(g) = 3*g**2 - 1. Let i be f(1). Let r(n) = 5*n + 3*n**2 - 4*n**2 - n + 3*n**i. What are the prime factors of r(6)?
2, 3
Let v = -5 + 9. Suppose 0*g - 124 = -v*g. Suppose -3*z + 130 - g = 3*y, -161 = -5*y - 3*z. List the prime factors of y.
31
Let a = 2411 + 96. What are the prime factors of a?
23, 109
Let l(w) be the third derivative of 3*w**5/5 + w**4/8 - 2*w**3 + 41*w**2 + 1. List the prime factors of l(-4).
2, 3, 23
Let p(z) = 5*z**2 + z + 14. Suppose -5 = -16*u + 17*u. What are the prime factors of p(u)?
2, 67
Suppose 4*x - 42162 = -5*t + 2*t + x, 2*x = 0. What are the prime factors of t?
2, 7027
Let f(q) = 210*q**2 - 58*q + 326. What are the prime factors of f(6)?
2, 3769
Suppose -7*r = -3*r - 3*p + 771, 4*p + 547 = -3*r. Suppose -q - m - 289 = 0, -163*m = 5*q - 168*m + 1495. Let b = r - q. What are the prime factors of b?
3, 5, 7
Let q(k) = 40*k**2 - 213*k - 6059. What are the prime factors of q(-31)?
2, 11, 443
Suppose -5*u - 269396 = -37*u + 23308. What are the prime factors of u?
3, 3049
Let w be (-2)/4 - (-3)/6. Suppose -l + 477 = 2*n - 5*n, -4*n - 4 = w. Suppose -6*a = -72 - l. List the prime factors of a.
7, 13
Let i = -290 - -292. Suppose 481 = 5*x - 4*w, -8*x = -4*x - i*w - 380. What are the prime factors of x?
3, 31
Suppose 18 = -5*t + 2*t. What are the prime factors of 224/t*99/(-22)?
2, 3, 7
Let m(b) be the first derivative of b**3 + 6*b**2 + 38*b - 25. Let j(x) be the first derivative of m(x). What are the prime factors of j(6)?
2, 3
Suppose 256469 = 31*n - 25228. List the prime factors of n.
3, 13, 233
Let p be 4 + 0 + 4 + -2. Let z be (-201)/p*3/((-9)/6). What are the prime factors of (z - -6)*(2 + -1)?
73
Let d be -2*(-3 - -4) - 36/(-2). Let v be ((-178)/8*-1)/((-4)/d). Let q = 164 + v. List the prime factors of q.
3, 5
Suppose -331*k + 902700 = -295*k. List the prime factors of k.
5, 17, 59
Let m = -48 - -60. Let p be 6 + (6/m)/(1/(-2)). Suppose -g - p*q = -94, 4*g - 427 = -q - 2*q. What are the prime factors of g?
109
Let c(v) = v**3 - 5*v**2 + 2*v - 7. Let a be c(5). Suppose n + 3*g - 60 + 13 = 0, 5*g = a*n - 71. Let d = 70 - n. List the prime factors of d.
2, 19
List the prime factors of 2269/(-19 - (-6570)/345).
23, 2269
Suppose v - 19279 = 2*n, -v - v - 4*n + 38582 = 0. What are the prime factors of v?
5, 7, 19, 29
Suppose -7*w = 1 - 22. Suppose 0 = -3*p - 2*b + 1193, 286 = -2*p - w*b + 1073. List the prime factors of p.
401
Suppose 102*q - 6*q - 16032 = 0. Let v be ((-4 - -2) + -17)*5. Let w = q + v. List the prime factors of w.
2, 3
Let k(m) = 2*m**3 - 5*m**2 + m - 7. Let q be k(4). Let f be (-3 + q/10)*2. Let v(n) = 6*n**3 + n**2 - 6*n + 6. List the prime factors of v(f).
3, 53
Suppose -3*q + 0*n - 2*n + 294 = 0, 4*n - 12 = 0. Let a = q + -96. What are the prime factors of (0 - a - -39)*2/3?
2, 13
Let j = 88 + -83. Suppose j*m = -10, -4*d + 0*d - m = -18. Suppose -5*l - d*o = -3*o - 1548, 0 = -4*o - 4. What are the prime factors of l?
2, 5, 31
Let c = -871 - -348. Let o = c - -877. What are the prime factors of o?
2, 3, 59
Suppose 0 = -4*w + 4*x + 17480, -8*w = -9*w - 2*x + 4373. Suppose -4*z = -4*p - 3564, -4*z = 2*p - w + 837. What are the prime factors of z?
2, 443
Let a be (1 + 806/(-4))/((-12)/24). Let n(i) = -5*i**3 + 2*i**2 + 9*i + 1. Let s be n(4). Let r = a + s. List the prime factors of r.
2, 3, 5
Suppose 2*i - 62476 = -4*h, -12 - 23 = -5*h. List the prime factors of i.
2, 3, 1301
Let t = 98237 - 52520. List the prime factors of t.
3, 7, 311
Suppose 0 = -r - 5, 3*p + 27 + 2 = -4*r. Suppose 0 = -2*k - 5 - 19. List the prime factors of ((-76)/p)/((-4)/k).
2, 19
Suppose 33*c - 37*c + 3008 = 0. Suppose 4*n + 4*n - c = 0. Suppose 99*l - 350 = n*l. What are the prime factors of l?
2, 5, 7
What are the prime factors of (-85)/(-17) - (105440/(-10) + -9)?
2, 5279
Let a = 900 + -146. Suppose -5*o = -1286 - a. List the prime factors of o.
2, 3, 17
Let k = -20 - -11. Let p be k/6 + 10/4. What are the prime factors of (0 + p)/((-511)/(-85) - 6)?
5, 17
Suppose -13*f + 63*f - 7725 = 269825. What are the prime factors of f?
7, 13, 61
Let b(q) = -884*q**3 + 5*q**2 - 264*q - 814. List the prime factors of b(-3).
7, 3413
Let c be (72/10)/((-82)/(-205)). Suppose 7089 = -i + c*i. What are the prime factors of i?
3, 139
Suppose 3*c + 2*g - 14493 = 0, 18151 = 5*c + 5*g - 5999. What are the prime factors of c?
3, 179
Let k be -1*1*(-29 - -29). Suppose -7*i + 5047 - 1344 = k. List the prime factors of i.
23
Suppose -p + 40*a + 1305 = 37*a, 0 = -3*p - 2*a + 3915. What are the prime factors of p?
3, 5, 29
Suppose -3*u = -5*l - 471, 474 = -5*l + 16*u - 14*u. Let d(h) = 28*h**3 + h**2 + 2*h - 3. Let q be d(2). Let g = q + l. What are the prime factors of g?
7, 19
Let c = -6731 + 10470. Suppose 0 = 11*n - 320 - c. Suppose -110 = -k + 5*l, -2*k + 2*l = k - n. What are the prime factors of k?
5
Let q(h) = 2*h**2 + 51*h - 26. Let x be q(-26). Suppose x*c - c = -141. List the prime factors of c.
3, 47
Let r be 447/(8/(-16) - 1/2). Let c = r + 1364. List the prime factors of c.
7, 131
Let p(o) be the second derivative of o**3/2 - 2*o**2 - 46*o. Let t be p(4). Suppose -7*v - 4*g - 193 = -t*v, -3*v + 5*g = -544. List the prime factors of v.
173
Suppose -2*q = -13*a + 16*a - 27868, 2*a = 3*q - 41789. List the prime factors of q.
13931
Let x be ((-2)/4*1)/(5/(-60)). Suppose x*c - 13 = 5. Suppose 0 = -4*t + c*t + 60. What are the prime factors of t?
2, 3, 5
Let f(x) = x**2 + 15*x + 37. Let n be f(-17). Let l = n + -53. Suppose j - 119 = -l. List the prime factors of j.
101
Let t(l) = -68*l**3 - 2*l**2 - 22*l - 98. List the prime factors of t(-5).
2, 4231
Let k(n) = -551*n + 11061. List the prime factors of k(-82).
11, 5113
Let u be 6*(21 + 5) - (-8)/4. Suppose -8*k + 638 - u = 0. What are the prime factors of k?
2, 3, 5
Suppose 1107799 = 69*t - 2363083 - 643450. What are the prime factors of t?
2, 3, 4969
Suppose 3*y - 6456 = -3*z, 3*y - 6*z - 6431 = -4*z. List the prime factors of y.
19, 113
What are the prime factors of 176/(-64)*(3 + -2255)?
11, 563
Let p = -57187 + 95561. What are the prime factors of p?
2, 7, 2741
Let o = 582 - 279. Suppose 5*i = -t + o, 5*t = -5*i - 660 + 2215. List the prime factors of t.
313
Let a(p) = -2*p**3 + 8*p**2 - 3*p - 35. Suppose 20*x - 5*x = -90. List the prime factors of a(x).
19, 37
Suppose 3*r - 2*n - 13733 = 11075, 16535 = 2*r - 5*n. What are the prime factors of r?
2, 5, 827
Let u be 0/(-10) + 176/1. Suppose 0 = -17*s + 42 + 26. Suppose -u = -s*k + 144. What are the prime factors of k?
2, 5
Suppose -18*d + 20*d = -896. Let u = 964 + d. List the prime factors of u.
2, 3, 43
Suppose 5*z - 2*z - 3861 = -4*y, y = 5*z + 948. Suppose -2*q - f + y = 0, -4*q = -3*q + f - 483. What are the prime factors of q?
2, 3, 5
Let q = -305 + 411. Suppose -q*c + 97*c + 4239 = 0. List the prime factors of c.
3, 157
Suppose 21666 - 61542 = -55*m + 85084. What are the prime factors of m?
2, 71
What are the prime factors of (-3)/(1/(-1630 - (4 - 7)))?
3, 1627
Let p(y) = 394*y + 439*y - 186 - 866*y. List the prime factors of p(-31).
3, 31
What are the prime factors of (7*(-9711)/52)/((-4)/240)?
3, 5, 7, 83
Suppose -4*z - 22424 = -4*r, -27*r + 29*r + 4*z = 11224. What are the prime factors of r?
2, 701
Let h 